{"id":1424,"date":"2025-02-02T16:47:31","date_gmt":"2025-02-02T16:47:31","guid":{"rendered":"https:\/\/seimpri.me\/pece\/?page_id=1424"},"modified":"2025-02-02T16:47:34","modified_gmt":"2025-02-02T16:47:34","slug":"viva","status":"publish","type":"page","link":"https:\/\/seimpri.me\/pece\/viva\/","title":{"rendered":"\u00a1VIVA!"},"content":{"rendered":"<section class=\"wpb-content-wrapper\"><p>[vc_row][vc_column width=\u00bb2\/3&#8243;][vc_column_text]Desarrollo de set de postales. Se imprimieron usando tipos m\u00f3viles junto a <a href=\"https:\/\/www.instagram.com\/larva_press\/\">Larva Press<\/a> y se numeraron y troquelaron en una intervenci\u00f3n en vivo para la actividad <em>Tierra sin Tierra<\/em>, organizada por Hueso Records. Este trabajo fue producto de otra publicaci\u00f3n desarrollada en conjunto con <a href=\"https:\/\/www.danieladelmar.com\/\">Daniela del Mar<\/a> y que fue presentada durante agosto en Los Angeles Art Book Fair[\/vc_column_text][vc_single_image image=\u00bb357&#8243; img_size=\u00bbfull\u00bb][vc_single_image image=\u00bb535&#8243; img_size=\u00bbfull\u00bb][\/vc_column][vc_column width=\u00bb1\/3&#8243; offset=\u00bbvc_hidden-md vc_hidden-sm vc_hidden-xs\u00bb][\/vc_column][\/vc_row]<\/p>\n<\/section>","protected":false},"excerpt":{"rendered":"<p>[vc_row][vc_column width=\u00bb2\/3&#8243;][vc_column_text]Desarrollo de set de postales. Se imprimieron usando tipos m\u00f3viles junto a Larva Press y se numeraron y troquelaron en una intervenci\u00f3n en vivo para la actividad Tierra sin Tierra, organizada por Hueso Records. Este trabajo fue producto de otra publicaci\u00f3n desarrollada en conjunto con Daniela del Mar y que fue presentada durante agosto [&hellip;]<\/p>\n","protected":false},"author":1,"featured_media":0,"parent":0,"menu_order":0,"comment_status":"closed","ping_status":"closed","template":"","meta":{"footnotes":""},"class_list":["post-1424","page","type-page","status-publish","hentry","missing-thumbnail"],"_links":{"self":[{"href":"https:\/\/seimpri.me\/pece\/wp-json\/wp\/v2\/pages\/1424","targetHints":{"allow":["GET"]}}],"collection":[{"href":"https:\/\/seimpri.me\/pece\/wp-json\/wp\/v2\/pages"}],"about":[{"href":"https:\/\/seimpri.me\/pece\/wp-json\/wp\/v2\/types\/page"}],"author":[{"embeddable":true,"href":"https:\/\/seimpri.me\/pece\/wp-json\/wp\/v2\/users\/1"}],"replies":[{"embeddable":true,"href":"https:\/\/seimpri.me\/pece\/wp-json\/wp\/v2\/comments?post=1424"}],"version-history":[{"count":1,"href":"https:\/\/seimpri.me\/pece\/wp-json\/wp\/v2\/pages\/1424\/revisions"}],"predecessor-version":[{"id":1432,"href":"https:\/\/seimpri.me\/pece\/wp-json\/wp\/v2\/pages\/1424\/revisions\/1432"}],"wp:attachment":[{"href":"https:\/\/seimpri.me\/pece\/wp-json\/wp\/v2\/media?parent=1424"}],"curies":[{"name":"wp","href":"https:\/\/api.w.org\/{rel}","templated":true}]}}