{"id":121,"date":"2024-06-26T17:19:36","date_gmt":"2024-06-26T17:19:36","guid":{"rendered":"https:\/\/seimpri.me\/pece\/?page_id=121"},"modified":"2025-04-29T20:31:32","modified_gmt":"2025-04-29T20:31:32","slug":"mucho-texto","status":"publish","type":"page","link":"https:\/\/seimpri.me\/pece\/mucho-texto\/","title":{"rendered":"MUCHO TEXTO"},"content":{"rendered":"<section class=\"wpb-content-wrapper\"><p>[vc_row][vc_column width=\u00bb2\/3&#8243;][vc_column_text]Encuentro de poes\u00eda, m\u00fasica y sonido en el restaurante patrimonial El Parr\u00f3n. 11 de mayo, 2024.<\/p>\n<p>El men\u00fa del d\u00eda ofreci\u00f3:<\/p>\n<p style=\"padding-left: 40px;\"><strong>Dios en un Hueso<\/strong> de <a class=\"x1i10hfl xjbqb8w x1ejq31n xd10rxx x1sy0etr x17r0tee x972fbf xcfux6l x1qhh985 xm0m39n x9f619 x1ypdohk xt0psk2 xe8uvvx xdj266r x11i5rnm xat24cr x1mh8g0r xexx8yu x4uap5 x18d9i69 xkhd6sd x16tdsg8 x1hl2dhg xggy1nq x1a2a7pz notranslate _a6hd\" tabindex=\"0\" role=\"link\" href=\"https:\/\/www.instagram.com\/fda.fda.fda\/\">@fda.fda.fda<\/a> y <a class=\"x1i10hfl xjbqb8w x1ejq31n xd10rxx x1sy0etr x17r0tee x972fbf xcfux6l x1qhh985 xm0m39n x9f619 x1ypdohk xt0psk2 xe8uvvx xdj266r x11i5rnm xat24cr x1mh8g0r xexx8yu x4uap5 x18d9i69 xkhd6sd x16tdsg8 x1hl2dhg xggy1nq x1a2a7pz notranslate _a6hd\" tabindex=\"0\" role=\"link\" href=\"https:\/\/www.instagram.com\/novenoabismo\/\">@novenoabismo<\/a><br \/>\n<strong>Mi Peque\u00f1a Clase Facha y mi Dolorosa Izquierda Desclasada<\/strong> de <a class=\"x1i10hfl xjbqb8w x1ejq31n xd10rxx x1sy0etr x17r0tee x972fbf xcfux6l x1qhh985 xm0m39n x9f619 x1ypdohk xt0psk2 xe8uvvx xdj266r x11i5rnm xat24cr x1mh8g0r xexx8yu x4uap5 x18d9i69 xkhd6sd x16tdsg8 x1hl2dhg xggy1nq x1a2a7pz notranslate _a6hd\" tabindex=\"0\" role=\"link\" href=\"https:\/\/www.instagram.com\/francia.ankalli\/\">@francia.ankalli<\/a><strong><br \/>\n8 Individuales para 8<\/strong> de <a class=\"x1i10hfl xjbqb8w x1ejq31n xd10rxx x1sy0etr x17r0tee x972fbf xcfux6l x1qhh985 xm0m39n x9f619 x1ypdohk xt0psk2 xe8uvvx xdj266r x11i5rnm xat24cr x1mh8g0r xexx8yu x4uap5 x18d9i69 xkhd6sd x16tdsg8 x1hl2dhg xggy1nq x1a2a7pz notranslate _a6hd\" tabindex=\"0\" role=\"link\" href=\"https:\/\/www.instagram.com\/martin_gubbins\/\">@martin_gubbins<\/a><br \/>\n<strong>Encuesta de Opini\u00f3n<\/strong> de <a class=\"x1i10hfl xjbqb8w x1ejq31n xd10rxx x1sy0etr x17r0tee x972fbf xcfux6l x1qhh985 xm0m39n x9f619 x1ypdohk xt0psk2 xe8uvvx xdj266r x11i5rnm xat24cr x1mh8g0r xexx8yu x4uap5 x18d9i69 xkhd6sd x16tdsg8 x1hl2dhg xggy1nq x1a2a7pz notranslate _a6hd\" tabindex=\"0\" role=\"link\" href=\"https:\/\/www.instagram.com\/gonzalohenriquezpettinelli\/\">@gonzalohenriquezpettinelli<\/a><br \/>\n<strong>No Insistir<\/strong> de <a class=\"x1i10hfl xjbqb8w x1ejq31n xd10rxx x1sy0etr x17r0tee x972fbf xcfux6l x1qhh985 xm0m39n x9f619 x1ypdohk xt0psk2 xe8uvvx xdj266r x11i5rnm xat24cr x1mh8g0r xexx8yu x4uap5 x18d9i69 xkhd6sd x16tdsg8 x1hl2dhg xggy1nq x1a2a7pz notranslate _a6hd\" tabindex=\"0\" role=\"link\" href=\"https:\/\/www.instagram.com\/lajovensencilla\/\">@lajovensencilla<\/a><\/p>\n<p>Las intervenciones sonoras estuvieron a cargo del equipo de <a class=\"x1i10hfl xjbqb8w x1ejq31n xd10rxx x1sy0etr x17r0tee x972fbf xcfux6l x1qhh985 xm0m39n x9f619 x1ypdohk xt0psk2 xe8uvvx xdj266r x11i5rnm xat24cr x1mh8g0r xexx8yu x4uap5 x18d9i69 xkhd6sd x16tdsg8 x1hl2dhg xggy1nq x1a2a7pz notranslate _a6hd\" tabindex=\"0\" role=\"link\" href=\"https:\/\/www.instagram.com\/radiomariomaria\/\">@radiomariomaria<\/a> compuesto por <a class=\"x1i10hfl xjbqb8w x1ejq31n xd10rxx x1sy0etr x17r0tee x972fbf xcfux6l x1qhh985 xm0m39n x9f619 x1ypdohk xt0psk2 xe8uvvx xdj266r x11i5rnm xat24cr x1mh8g0r xexx8yu x4uap5 x18d9i69 xkhd6sd x16tdsg8 x1hl2dhg xggy1nq x1a2a7pz notranslate _a6hd\" tabindex=\"0\" role=\"link\" href=\"https:\/\/www.instagram.com\/cedrodelatlas\/\">@cedrodelatlas<\/a> y <a class=\"x1i10hfl xjbqb8w x1ejq31n xd10rxx x1sy0etr x17r0tee x972fbf xcfux6l x1qhh985 xm0m39n x9f619 x1ypdohk xt0psk2 xe8uvvx xdj266r x11i5rnm xat24cr x1mh8g0r xexx8yu x4uap5 x18d9i69 xkhd6sd x16tdsg8 x1hl2dhg xggy1nq x1a2a7pz notranslate _a6hd\" tabindex=\"0\" role=\"link\" href=\"https:\/\/www.instagram.com\/ppeeccee\/\">@ppeeccee<\/a><\/p>\n<p>Durante la jornada se realiz\u00f3 en vivo una intervenci\u00f3n de impresi\u00f3n con tipos m\u00f3viles promovida por <a class=\"x1i10hfl xjbqb8w x1ejq31n xd10rxx x1sy0etr x17r0tee x972fbf xcfux6l x1qhh985 xm0m39n x9f619 x1ypdohk xt0psk2 xe8uvvx xdj266r x11i5rnm xat24cr x1mh8g0r xexx8yu x4uap5 x18d9i69 xkhd6sd x16tdsg8 x1hl2dhg xggy1nq x1a2a7pz notranslate _a6hd\" tabindex=\"0\" role=\"link\" href=\"https:\/\/www.instagram.com\/larva_press\/\">@larva_press<\/a> y se implement\u00f3 una mesa de exhibici\u00f3n y venta de publicaciones y objetos editoriales de lxs participantes de las lecturas. Como clausura, desde las 18:00 se ameniz\u00f3 el atardecer con una selecci\u00f3n muy posible de bailar, siempre acompa\u00f1ada de los brebajes que el local ofrece.[\/vc_column_text][vc_single_image image=\u00bb125&#8243; img_size=\u00bbfull\u00bb][vc_video link=\u00bbhttps:\/\/youtu.be\/FU53xVkd5BA\u00bb][\/vc_column][vc_column width=\u00bb1\/3&#8243; offset=\u00bbvc_hidden-md vc_hidden-sm vc_hidden-xs\u00bb][\/vc_column][\/vc_row]<\/p>\n<\/section>","protected":false},"excerpt":{"rendered":"<p>[vc_row][vc_column width=\u00bb2\/3&#8243;][vc_column_text]Encuentro de poes\u00eda, m\u00fasica y sonido en el restaurante patrimonial El Parr\u00f3n. 11 de mayo, 2024. El men\u00fa del d\u00eda ofreci\u00f3: Dios en un Hueso de @fda.fda.fda y @novenoabismo Mi Peque\u00f1a Clase Facha y mi Dolorosa Izquierda Desclasada de @francia.ankalli 8 Individuales para 8 de @martin_gubbins Encuesta de Opini\u00f3n de @gonzalohenriquezpettinelli No Insistir de [&hellip;]<\/p>\n","protected":false},"author":1,"featured_media":0,"parent":0,"menu_order":0,"comment_status":"closed","ping_status":"closed","template":"","meta":{"footnotes":""},"class_list":["post-121","page","type-page","status-publish","hentry","missing-thumbnail"],"_links":{"self":[{"href":"https:\/\/seimpri.me\/pece\/wp-json\/wp\/v2\/pages\/121","targetHints":{"allow":["GET"]}}],"collection":[{"href":"https:\/\/seimpri.me\/pece\/wp-json\/wp\/v2\/pages"}],"about":[{"href":"https:\/\/seimpri.me\/pece\/wp-json\/wp\/v2\/types\/page"}],"author":[{"embeddable":true,"href":"https:\/\/seimpri.me\/pece\/wp-json\/wp\/v2\/users\/1"}],"replies":[{"embeddable":true,"href":"https:\/\/seimpri.me\/pece\/wp-json\/wp\/v2\/comments?post=121"}],"version-history":[{"count":7,"href":"https:\/\/seimpri.me\/pece\/wp-json\/wp\/v2\/pages\/121\/revisions"}],"predecessor-version":[{"id":1516,"href":"https:\/\/seimpri.me\/pece\/wp-json\/wp\/v2\/pages\/121\/revisions\/1516"}],"wp:attachment":[{"href":"https:\/\/seimpri.me\/pece\/wp-json\/wp\/v2\/media?parent=121"}],"curies":[{"name":"wp","href":"https:\/\/api.w.org\/{rel}","templated":true}]}}