{"id":1002,"date":"2024-07-10T16:44:00","date_gmt":"2024-07-10T16:44:00","guid":{"rendered":"https:\/\/seimpri.me\/pece\/?page_id=1002"},"modified":"2025-04-29T21:32:49","modified_gmt":"2025-04-29T21:32:49","slug":"lolly","status":"publish","type":"page","link":"https:\/\/seimpri.me\/pece\/lolly\/","title":{"rendered":"LOLLY"},"content":{"rendered":"<section class=\"wpb-content-wrapper\"><p>[vc_row][vc_column width=\u00bb2\/3&#8243;][vc_column_text]Me encargaron el desarrollo de la car\u00e1tula para <a href=\"https:\/\/www.discogs.com\/release\/8315263-Marciano-Absoluto\" target=\"_blank\" rel=\"noopener\"><em>Absoluto<\/em><\/a>, quinto disco del grupo Marciano. Utilic\u00e9 unos personajes que dibujaba bastante en esos momentos, para el interior del digipack, junto a una una paleta b\u00e1sica de colores y usando la fuente <em>Queso<\/em> para la portada<\/p>\n<p>Aprovech\u00e9 los sobrantes en la plancha offset para meter unas tarjetas con dos ilustraciones simplificadas a partir de representaciones de paletas de helados: un <a href=\"https:\/\/pbs.twimg.com\/media\/FOOH0xDXwAMrBkQ.jpg\" target=\"_blank\" rel=\"noopener\"><em>cremino<\/em><\/a> y un <a href=\"https:\/\/www.google.com\/search?client=firefox-b-d&amp;sca_esv=95493269825c3f0f&amp;sxsrf=AHTn8zo8KpiGxD-AwZQAI_OeYnKkmy1HDA:1738245505489&amp;q=helados+panda&amp;udm=2&amp;fbs=ABzOT_CWdhQLP1FcmU5B0fn3xuWpA-dk4wpBWOGsoR7DG5zJBpwxALD7bRaeOIZxqOFEngwo8GpZh5Lct1RhFRYjazu0gBAbCRuFT4Wx9S-LwVnX5LgjEYmJoibEBepmJkLc0PFxgA45biEE0uwsaKRy3CL9A07jkeO6_2tDqI4V0gg9tnq33dksf_20mDBbXf1dkX81r7SNLTjSN6Hhds6SzSHpF9cDTA&amp;sa=X&amp;ved=2ahUKEwi_jIyPzZ2LAxVLkpUCHcmnHigQtKgLegQILxAB&amp;biw=2211&amp;bih=1102&amp;dpr=2#vhid=W7iOhOFfoOqViM&amp;vssid=mosaic\" target=\"_blank\" rel=\"noopener\"><em>choco panda<\/em><\/a><\/p>\n<p>Me entregaron miles de tarjetas. Hasta el d\u00eda de hoy no he logrado repartirlas todas[\/vc_column_text][vc_single_image image=\u00bb1003&#8243; img_size=\u00bbfull\u00bb][\/vc_column][vc_column width=\u00bb1\/3&#8243; offset=\u00bbvc_hidden-md vc_hidden-sm vc_hidden-xs\u00bb][\/vc_column][vc_column][\/vc_column][\/vc_row]<\/p>\n<\/section>","protected":false},"excerpt":{"rendered":"<p>[vc_row][vc_column width=\u00bb2\/3&#8243;][vc_column_text]Me encargaron el desarrollo de la car\u00e1tula para Absoluto, quinto disco del grupo Marciano. Utilic\u00e9 unos personajes que dibujaba bastante en esos momentos, para el interior del digipack, junto a una una paleta b\u00e1sica de colores y usando la fuente Queso para la portada Aprovech\u00e9 los sobrantes en la plancha offset para meter unas [&hellip;]<\/p>\n","protected":false},"author":1,"featured_media":0,"parent":0,"menu_order":0,"comment_status":"closed","ping_status":"closed","template":"","meta":{"footnotes":""},"class_list":["post-1002","page","type-page","status-publish","hentry","missing-thumbnail"],"_links":{"self":[{"href":"https:\/\/seimpri.me\/pece\/wp-json\/wp\/v2\/pages\/1002","targetHints":{"allow":["GET"]}}],"collection":[{"href":"https:\/\/seimpri.me\/pece\/wp-json\/wp\/v2\/pages"}],"about":[{"href":"https:\/\/seimpri.me\/pece\/wp-json\/wp\/v2\/types\/page"}],"author":[{"embeddable":true,"href":"https:\/\/seimpri.me\/pece\/wp-json\/wp\/v2\/users\/1"}],"replies":[{"embeddable":true,"href":"https:\/\/seimpri.me\/pece\/wp-json\/wp\/v2\/comments?post=1002"}],"version-history":[{"count":6,"href":"https:\/\/seimpri.me\/pece\/wp-json\/wp\/v2\/pages\/1002\/revisions"}],"predecessor-version":[{"id":1578,"href":"https:\/\/seimpri.me\/pece\/wp-json\/wp\/v2\/pages\/1002\/revisions\/1578"}],"wp:attachment":[{"href":"https:\/\/seimpri.me\/pece\/wp-json\/wp\/v2\/media?parent=1002"}],"curies":[{"name":"wp","href":"https:\/\/api.w.org\/{rel}","templated":true}]}}